 1?
1c0
In base 10, what is -3 - 769?
-772
In base 15, what is 16 - 5?
11
In base 6, what is -103 - 5?
-112
In base 13, what is -131 - 6?
-137
In base 16, what is -99 - -3?
-96
In base 3, what is -1012 - -11?
-1001
In base 15, what is 66 - -4?
6a
In base 15, what is -76 - -2?
-74
In base 8, what is -1375 + -5?
-1402
In base 7, what is -43 - -1013?
640
In base 3, what is 12020 + 11?
12101
In base 12, what is -47b + -2?
-481
In base 12, what is 6 - 61?
-57
In base 9, what is -455 - 3?
-458
In base 8, what is 41 + -15?
24
In base 4, what is 1 - -102021?
102022
In base 6, what is -103 + 4?
-55
In base 4, what is -11 + 1003331?
1003320
In base 5, what is 44 - -320?
414
In base 14, what is -5 + -7c?
-83
In base 8, what is -67627 - -4?
-67623
In base 2, what is 1001111101 - -111?
1010000100
In base 8, what is -57 - 6?
-65
In base 16, what is -b + -5?
-10
In base 13, what is 9 - 1569?
-1560
In base 3, what is 11 - -111120?
111201
In base 9, what is -2417 - 6?
-2424
In base 7, what is 4 - 56?
-52
In base 2, what is -10000 - -1001100?
111100
In base 5, what is 10 - 200003?
-144443
In base 2, what is 100 - -100000?
100100
In base 16, what is 4b - 3?
48
In base 2, what is -111010 + -11?
-111101
In base 10, what is -2796 + -3?
-2799
In base 2, what is 100 + -1000101000110?
-1000101000010
In base 16, what is 1 - -6dd?
6de
In base 7, what is 1625 + -5?
1620
In base 6, what is 0 + 122?
122
In base 7, what is 10 + 34?
44
In base 3, what is 0 + 12020?
12020
In base 15, what is -1 + -200?
-201
In base 15, what is -33 + 6?
-2c
In base 13, what is 1 + -5?
-4
In base 15, what is -27a - b?
-286
In base 7, what is 0 - 421?
-421
In base 13, what is a7 - 6?
a1
In base 16, what is d - -24?
31
In base 8, what is 5 - 3140?
-3133
In base 5, what is 13121 + -10?
13111
In base 14, what is 1570 - 2?
156c
In base 3, what is 0 + 11202?
11202
In base 8, what is -5 + 1252?
1245
In base 6, what is -5 + 2254?
2245
In base 14, what is -5 + -2ad?
-2b4
In base 15, what is -3 - 3d?
-41
In base 2, what is -1 - 111011?
-111100
In base 13, what is 199 + -6?
193
In base 6, what is 212 + -123?
45
In base 3, what is -2021 - 110?
-2201
In base 13, what is 41 - 7?
37
In base 12, what is 5 + -2?
3
In base 12, what is 2a - 1b?
b
In base 7, what is 141 - -16?
160
In base 11, what is 1 - 40?
-3a
In base 16, what is -8 - 14?
-1c
In base 12, what is 1b9 + 4?
201
In base 8, what is 1 + 13?
14
In base 15, what is 67 + 10d?
175
In base 11, what is -3a8 + 5?
-3a3
In base 9, what is 302 - -21?
323
In base 12, what is 4 + -46b?
-467
In base 10, what is -9 + 1?
-8
In base 5, what is 4 - -1202?
1211
In base 16, what is 76d + -2?
76b
In base 16, what is 7d + 3?
80
In base 8, what is 72 - 7?
63
In base 8, what is 131 - 2?
127
In base 2, what is 10111111 + 10?
11000001
In base 5, what is -20333 + -4?
-20342
In base 5, what is 1444 + -3?
1441
In base 5, what is -12 - 114132?
-114144
In base 8, what is -20 + -120?
-140
In base 15, what is 936 + -5?
931
In base 4, what is 1230 + 100?
1330
In base 7, what is -5 - 12?
-20
In base 9, what is -1 - 2351?
-2352
In base 12, what is 0 - -10b?
10b
In base 13, what is 0 - -3?
3
In base 2, what is -110001000 - 111?
-110001111
In base 9, what is -2 + 3052?
3050
In base 8, what is 2 - -637?
641
In base 4, what is 2 + 1103?
1111
In base 10, what is -87 - 7?
-94
In base 9, what is 11 - 2?
8
In base 11, what is -17a - 56?
-225
In base 6, what is -4 - 25?
-33
In base 3, what is 220111 - -10?
220121
In base 12, what is 8 + 634?
640
In base 5, what is 1 - 221?
-220
In base 4, what is 12 - -2232?
2310
In base 13, what is -134 - -4?
-130
In base 3, what is 212100 - 1?
212022
In base 5, what is -10 - -100?
40
In base 5, what is -133003 + 10?
-132443
In base 4, what is -3032 - 1?
-3033
In base 6, what is -4 + -32550?
-32554
In base 5, what is -114414 - 2?
-114421
In base 9, what is -620 + -1?
-621
In base 11, what is 2 + 1135?
1137
In base 4, what is 2 + -112?
-110
In base 12, what is -216 + 8?
-20a
In base 14, what is 7 - -22?
29
In base 13, what is -3 - -17a?
177
In base 10, what is -1 - -154?
153
In base 9, what is -31 + 264?
233
In base 9, what is -20 + -62?
-82
In base 11, what is -8 - -2?
-6
In base 5, what is 103330 + -2?
103323
In base 10, what is 386 - 0?
386
In base 13, what is 2 - -16b0?
16b2
In base 11, what is 2330 + -4?
2327
In base 9, what is 54 + 4?
58
In base 2, what is -10010111 - -11?
-10010100
In base 16, what is -245 + 4?
-241
In base 4, what is -322132 + -11?
-322203
In base 5, what is 4 - 30?
-21
In base 15, what is -5 - 1d5b?
-1d61
In base 9, what is 3 - 63?
-60
In base 11, what is 6 - -227?
232
In base 14, what is -a - a?
-16
In base 2, what is -11000000100 + -10?
-11000000110
In base 3, what is -1 + 21010?
21002
In base 16, what is 24 + 2?
26
In base 4, what is -3323 - 20?
-10003
In base 8, what is 26707 + 1?
26710
In base 11, what is -a - 132?
-141
In base 13, what is 215 + 4?
219
In base 3, what is 11 - 120221?
-120210
In base 8, what is -3 - -42?
37
In base 6, what is 1 - -50?
51
In base 8, what is 20 + -225?
-205
In base 12, what is 3 - -329?
330
In base 6, what is 4 + 3?
11
In base 4, what is -32213 + -10?
-32223
In base 13, what is -27b - -6?
-275
In base 15, what is -8 + -382?
-38a
In base 8, what is -64 + -453?
-537
In base 6, what is 311 - 5?
302
In base 5, what is 4 + -3200?
-3141
In base 8, what is -2 + 1731?
1727
In base 11, what is -188 - -5?
-183
In base 13, what is 6 - -90?
96
In base 8, what is -203 + -5?
-210
In base 16, what is 40 + -3?
3d
In base 8, what is 1 - -110?
111
In base 15, what is 52 + -5?
4c
In base 8, what is 4 - -3556?
3562
In base 13, what is -6 + 837?
831
In base 14, what is -15a - -20?
-13a
In base 16, what is -9 + -14?
-1d
In base 7, what is -161 + -1?
-162
In base 13, what is -1a + -5?
-22
In base 10, what is 4231 + -5?
4226
In base 3, what is -10 + 222?
212
In base 6, what is 3 - -5?
12
In base 14, what is -3 - 162?
-165
In base 4, what is -1023 + -10?
-1033
In base 9, what is 0 - 135?
-135
In base 11, what is -73 + -4?
-77
In base 13, what is -27 - 5?
-2c
In base 7, what is 11 - -10200?
10211
In base 12, what is -73 + -1?
-74
In base 16, what is 0 + 0?
0
In base 2, what is -10 - 1111?
-10001
In base 3, what is 122 - -10021022?
10021221
In base 2, what is 100011010110 + 111?
100011011101
In base 12, what is 7 - 1056?
-104b
In base 15, what is -3 + 23b?
238
In base 5, what is 42403 - 3?
42400
In base 2, what is -11 + -10101?
-11000
In base 2, what is -10101101011 + 1010?
-10101100001
In base 13, what is 1 - c1?
-c0
In base 6, what is -1 + -1402?
-1403
In base 4, what is 1300 - -131?
2031
In base 7, what is 4130 - -5?
4135
In base 15, what is -3 + 25c?
259
In base 6, what is 22445 - -3?
22452
In base 2, what is 10 + 1110?
10000
In base 11, what is -1 - 125?
-126
In base 5, what is -1412 + -24?
-1441
In base 9, what is -2 - -356?
354
In base 14, what is 1 + -c9?
-c8
In base 11, what is -64 + 1?
-63
In base 8, what is 4 - 1015?
-1011
In base 11, what is 23 + -10?
13
In base 7, what is 24221 + -2?
24216
In base 11, what is 7 - 469?
-462
In base 16, what is -97 - -4f?
-48
In base 12, what is -97 - 0?
-97
In base 16, what is 27 - -2?
29
In base 5, what is 344 + -441?
-42
In base 10, what is 192 - -4?
196
In base 16, what is 187 - 19?
16e
In base 9, what is 6 - 7?
-1
In base 11, what is 2 + -82?
-80
In base 8, what is -252 - -14?
-236
In base 3, what is -121212 + -12?
-122001
In base 3, what is 1121 + 121?
2012
In base 14, what is -4 - 10?
-14
In base 8, what is 5 + -1362?
-1355
In base 5, what is 31303 + 23?
31331
In base 5, what is 1120 + -231?
334
In base 8, what is 1071 + 6?
1077
In base 3, what is -112200000 + 1?
-112122222
In base 12, what is -5 + 115?
110
In base 6, what is 2351 + -1?
2350
In base 10, what is 30 - 3?
27
In base 10, what is -6 - -22?
16
In base 16, what is -c + -71?
-7d
In base 15, what is 140 + 19?
159
In base 5, what is 10 - -244?
304
In base 12, what is 1 - 17?
-16
In base 4, what is -1 + 332?
331
In base 6, what is -12 - 33?
-45
In base 11, what is 313 - -5?
318
In base 15, what is -8 - 36?
-3e
In base 10, what is -49 - 0?
-49
In base 10, what is -7 - -171?
164
In base 2, what is -100001 + 100?
-11101
In base 16, what is -4a80 + 2?
-4a7e
In base 14, what is 169 + 4?
16d
In base 3, what is 11 - -1200